-2)/26785)*-1?
2, 11, 487
Suppose 226*s - 142481 = 2178087. List the prime factors of s.
2, 17, 151
Suppose 2*f - 11 = 3*f. Let t(a) = 2*a**3 + 23*a**2 + 12*a + 11. Let b be t(f). Suppose b = 3*c + 11*c - 1862. List the prime factors of c.
7, 19
Let u = -3713 - -11197. What are the prime factors of u?
2, 1871
Let n = 3647 - 5470. Let o = n - -2722. What are the prime factors of o?
29, 31
List the prime factors of (-36 - (-19 - 106))/((-2)/(-458)).
89, 229
Let w be ((-96)/(-108))/((-2)/6)*-36. Suppose c + 110 = 5*b, 4*c - w = -5*b + 14. List the prime factors of b.
2, 11
Suppose -3*r + r + 4*r = 0. Suppose -5*g + 3*h = 164 + 1, r = -3*g - 3*h - 75. What are the prime factors of (-1310)/(-18) + g/(-135)?
73
Let v(z) = z**3 + 14*z**2 - 3*z + 11. Let x be v(-14). Let g = x + -49. Suppose -s - s = 3*i - 297, 0 = 2*i + g*s - 206. What are the prime factors of i?
97
Let j(d) = 3*d**2 + 417*d - 213*d + 21 - 221*d. List the prime factors of j(12).
3, 83
Let z(k) = -92 - 3 + 4*k - 3*k**2 - 3*k**2 + 7*k**2. Let u be z(0). Let g = -34 - u. List the prime factors of g.
61
Let c = 501 + -499. Suppose -5*d - c = 8, -v + 3*d = -513. What are the prime factors of v?
3, 13
Let h = 647 - 654. List the prime factors of 1024/1 + 6*h/14.
1021
Let m(g) = -3*g + 24. Suppose 0 = 4*y - 0*y - 20. Suppose -y*h - 5 = u, 6*u - 2 = 7*u + 2*h. What are the prime factors of m(u)?
2, 3
Let s = -31035 + 57800. What are the prime factors of s?
5, 53, 101
Suppose -9*d + 35296 + 7931 = 0. What are the prime factors of d?
3, 1601
Let h(b) = 93*b**2 - 3*b - 6. Let f be h(-2). Suppose -129*y + 132*y = f. List the prime factors of y.
2, 31
Suppose -3*b - m + 11988 = -24487, 4*b - 48636 = -4*m. List the prime factors of b.
2, 6079
Let j(s) = 4621*s - 242. List the prime factors of j(2).
2, 3, 5
Let b be -3 + (-1111)/(-99) + 2/(-9). Let u = -2 - 40. What are the prime factors of b/(-28) + -2258*3/u?
7, 23
Let x = 21314 - 4559. What are the prime factors of x?
3, 5, 1117
Let t(u) = 170*u + 8. Let h be 20/8 + (-2)/(-4) + 0. What are the prime factors of t(h)?
2, 7, 37
List the prime factors of (-1)/(-4 + -10) - (-739343)/154.
4801
Suppose 6*z + 41 = 545. Let h = -79 + z. Suppose 426 - 13 = 3*k + c, -c = -h*k + 699. List the prime factors of k.
139
Let g(p) = -2*p**2 + 3*p + 925. Let v be g(0). Suppose -4*s + 4*a = -167 - v, 2*a = -2*s + 534. List the prime factors of s.
2, 3, 5
Let s = -425 + 632. Let f = -251 - -364. Let o = s - f. List the prime factors of o.
2, 47
Let s be (45/(-4))/((-47)/14476). What are the prime factors of (1/(5/s))/1?
3, 7, 11
Let d(y) = 34*y - 51. Let g be d(2). Suppose -g*n - 87 = -5238. List the prime factors of n.
3, 101
Let z be (540/(-50))/(3/(-2385)). What are the prime factors of ((-4)/12)/((-6)/z)?
3, 53
Suppose -3*l + 3761 = -4*v - 8*l, l - 4694 = 5*v. What are the prime factors of (-6*(-5)/(-10))/(3/v)?
3, 313
Let y = 66411 + -16905. What are the prime factors of y?
2, 3, 37, 223
Suppose 5*l + 4*f - 93315 = 2*f, 74655 = 4*l + f. What are the prime factors of l?
5, 3733
Suppose y + 4*f + 18 = 39, 0 = -5*y + 3*f - 10. Let b(z) = 1401*z**3 - z**2 - 24*z + 24. What are the prime factors of b(y)?
2, 5, 7
Suppose -296135 - 2259365 = 3*y - 253*y. List the prime factors of y.
2, 19, 269
Suppose 27 - 27 = -3*n. Suppose 20 = -4*j - 3*y - y, n = 4*j - 3*y - 1. List the prime factors of (-3)/(-2)*416/12 - j.
2, 3
Let x(r) = r - 3. Let z be x(6). Let p be 1/(1*4*z/60). Suppose -55 = -p*v + 35. What are the prime factors of v?
2, 3
Suppose 2 = 5*j + 2*v + 40, -4 = v. Let t(h) = -h**3 - 7*h**2 - h - 6. Let n be t(j). Let q = n + 64. List the prime factors of q.
2, 7
Suppose 0 = -g + 2 - 22. Let v be (14 + -15)*(-1 + g - -1). Suppose -2*z - 3*z = 0, -4*d + z = -v. List the prime factors of d.
5
Suppose -9*f + 51 = 6. Suppose -f*c = -7 - 3. Suppose -4*l = -2*j + 404, -c*j + 5*j - 612 = 4*l. List the prime factors of j.
2, 13
Let w(g) = -9031*g + 274. List the prime factors of w(-4).
2, 18199
Let h = -231 + 245. Suppose -13217 + 4271 = -h*t. List the prime factors of t.
3, 71
Let f(o) = -49*o + 3. Suppose 0 = v + 9 - 6. Let n be f(v). What are the prime factors of (-484)/(-30) - 20/n?
2
Let l = -239 - -251. Let i(m) = 5*m + 66. List the prime factors of i(l).
2, 3, 7
Suppose -86 + 112 = 13*u. Suppose -o - 1259 = -u*h, 5*h - 3*o - 3146 = -o. List the prime factors of h.
2, 157
List the prime factors of (-7 + (-4)/(-10))*20/(-12)*282.
2, 3, 11, 47
Let v(w) = 10*w + 142. Let a be v(-10). List the prime factors of -38 + a + 1053/1.
7, 151
Let q = 6886 - 3385. What are the prime factors of q?
3, 389
Let q be 4/(16/14) - 18/(-12). Suppose -q*h + 672 + 413 = 0. What are the prime factors of h?
7, 31
Let b(m) = 1. Let w(x) = 41*x**2 + 11*x - 1. Let n(t) = 5*b(t) + w(t). What are the prime factors of n(-4)?
2, 7, 11
Suppose 9 = -3*l, -170*u + 166*u + 3*l = -32357. List the prime factors of u.
8087
Suppose 0 = 4*a - 293*a + 10790971. List the prime factors of a.
37339
Let d = -82 - -82. Suppose 6*u - 158 - 256 = d. Suppose 3*s = -3*k + 6*k + u, 2*s = k + 49. List the prime factors of s.
2, 13
Suppose -585 = 8*o - 3001. Let w be (4 - (-52)/(-10))/((-6)/20). Suppose -o = -2*g + w*r, g = 2*g - r - 154. What are the prime factors of g?
157
Let k be (2/(-5))/(-3 + (-4092)/(-1365)). Let p = -39 + 136. Let j = k - p. List the prime factors of j.
5, 17
What are the prime factors of ((-38)/4)/((-434)/3724588)?
7, 19, 613
Suppose -19*l - r = -23*l + 26929, -3*l - 2*r = -20194. List the prime factors of l.
2, 3, 11, 17
Let g(j) = -j - 7. Let p be g(-6). Let a be p + (4/2 - (-34)/2). What are the prime factors of 3 + (-50)/18 - (-1166)/a?
5, 13
Let p(k) = -711*k - 45. Let j be p(1). Let s = j - -2195. What are the prime factors of s?
1439
Let a be -12*3/12*-1. Suppose a*j + 12 = 7*j. Suppose p - 285 = j*h, p + 4*p = 5*h + 1375. List the prime factors of p.
2, 3, 5
Suppose -5*y - 10 = -4*b, b - 3*y - 14 = -3*b. Suppose 3*j - b*j = -630. Suppose 3*h - j = -0*h. List the prime factors of h.
3, 5, 7
What are the prime factors of ((-48)/72)/(6/(-18477))?
2053
Let z be 3/((9/(-6))/(1/2)). Let o(x) be the first derivative of -57*x**2/2 + 4*x + 1. What are the prime factors of o(z)?
61
Let l = 32 - 29. Suppose 2*n - 2*v + 0*v = 0, 0 = -5*n - l*v. List the prime factors of (-1 - n)/(4/(-172)).
43
Suppose -61*p + 1327755 + 1130423 = 0. What are the prime factors of p?
2, 20149
Let z(p) = 9*p + 27. Suppose 4*b = -5*s - 51, 3*s = b - 6*b - 41. Let x be z(s). List the prime factors of (2 - x/8)*12.
2, 3, 13
What are the prime factors of (2 + -770)/(15/160*-4)?
2
Suppose 4*i = 4*a - 19688, a = 2*i + 6285 - 1370. List the prime factors of a.
3, 31, 53
Let b be (5 + 1)/6 - 2/(-1). Suppose 4*w = 3*v + 2, b*w - 8 = 4*v - 5*v. Suppose 120 = 2*i + 3*o, w*i = -2*i - o + 240. What are the prime factors of i?
2, 3, 5
Let s = 294 - 197. Let m = s + -53. List the prime factors of (-2 + m/10)*55.
2, 3, 11
What are the prime factors of (-13)/((-507)/11355) - (-4)/(-26)?
3, 97
Let r = -31 + 34. Suppose 1998 + 11 = 5*d - l, 0 = -3*d + r*l + 1203. What are the prime factors of d/7 + 32/56?
2, 29
Let r(v) = -9*v + 33. Let x be r(-5). List the prime factors of ((-11)/4)/(x/(-14040)).
3, 5, 11
Suppose -4*p - 2*z - 14 = 0, -p - p + 2*z = 22. What are the prime factors of 304 + -5 + (p - -7)?
2, 3, 5
Suppose 0*w = 2*w + 4*k - 2544, -5*k + 2544 = 2*w. Suppose 43 - w = -4*g - x, -3*g - 3*x + 915 = 0. List the prime factors of g.
2, 7, 11
Suppose 21*d + d + 154 = 0. List the prime factors of 1158 + (-4 - 49/d).
3, 43
Let k(h) = 411*h - 564. What are the prime factors of k(15)?
3, 1867
Suppose 5*y - 5 = 0, y + 13085 = -11*j + 14*j. List the prime factors of j.
2, 3, 727
Let u(x) = 476*x**2 + 23*x + 22. Let h be u(-1). Let p be 3 - (0 + -1 + 0). Suppose -p*b + h = b. What are the prime factors of b?
5, 19
Let x(q) = -q**3 + 8*q**2 - 14*q - 3. Let t be x(6). What are the prime factors of 1311/9 + t/(-45)?
2, 73
Suppose 2*u + 3*f + 4 = 0, -3*u + 5*u = f + 12. Suppose 2*m - 648 = u*w, 4*w = 15*m - 11*m - 1276. What are the prime factors of m?
2, 157
Let y = 11495 + -4212. What are the prime factors of y?
7283
Let h be 95/(-15) - 3/(-9). Let r(t) = 4*t - 3*t + 0 + t**2 - 1. List the prime factors of r(h).
29
Let p be (387/15)/((-9